nvert -5a3 (base 13) to base 9.
-1306
What is 11211020 (base 3) in base 11?
2707
-1a2d (base 14) to base 11
-3624
-21201222 (base 3) to base 2
-1011000001010
Convert -930a (base 15) to base 5.
-1443220
Convert 20201 (base 3) to base 8.
265
Convert 14005 (base 6) to base 2.
100001110101
Convert -c04 (base 14) to base 16.
-934
What is -20101101 (base 3) in base 2?
-1001000101110
What is 10001101101 (base 2) in base 10?
1133
Convert -1011111100000 (base 2) to base 16.
-17e0
Convert -1300 (base 7) to base 5.
-3430
What is -12111212 (base 3) in base 12?
-23ab
-111534 (base 6) to base 5
-300430
Convert cd6 (base 16) to base 11.
2518
Convert 54a9 (base 13) to base 16.
2e18
Convert -2141 (base 15) to base 3.
-100122121
-6456 (base 11) to base 4
-2011103
Convert -100220100 (base 3) to base 16.
-1c32
What is -97 (base 10) in base 8?
-141
What is -764 (base 12) in base 15?
-4c4
Convert 5b (base 16) to base 12.
77
Convert -11655 (base 10) to base 11.
-8836
Convert -2011000101 (base 3) to base 10.
-42292
Convert 87a1 (base 11) to base 3.
120220212
What is -110111000 (base 2) in base 8?
-670
What is -10011010010 (base 2) in base 15?
-574
Convert -df4 (base 16) to base 8.
-6764
-12121221 (base 3) to base 5
-112402
430 (base 11) to base 14
28d
-2ccb (base 14) to base 10
-8019
1010011000110101 (base 2) to base 13
164a0
Convert -eb61 (base 16) to base 2.
-1110101101100001
What is -6974 (base 10) in base 8?
-15476
5670 (base 10) to base 11
4295
What is 382a (base 13) in base 15?
256e
What is -26c3 (base 16) in base 14?
-388b
Convert 427c (base 16) to base 4.
10021330
Convert -5a8 (base 13) to base 2.
-1111010111
What is 21 (base 4) in base 13?
9
Convert -456a (base 15) to base 5.
-432400
What is 1855 (base 15) in base 11?
3a48
What is -95e2 (base 15) in base 16?
-7be0
Convert -1638 (base 10) to base 11.
-125a
Convert 11131 (base 5) to base 13.
48b
Convert 142 (base 5) to base 2.
101111
What is 1808 (base 9) in base 3?
1220022
Convert fe4 (base 16) to base 9.
5520
What is 1101010100111 (base 2) in base 3?
100100201
-e23 (base 16) to base 6
-24431
Convert 20001 (base 4) to base 8.
1001
Convert 5774 (base 12) to base 15.
2d41
Convert -10981 (base 12) to base 4.
-11121301
46858 (base 10) to base 5
2444413
What is -113 (base 7) in base 15?
-3e
-100212 (base 3) to base 10
-266
-1133313 (base 4) to base 3
-22102020
What is -11560 (base 7) in base 9?
-4137
12914 (base 13) to base 4
20122331
What is -100110000110 (base 2) in base 13?
-1157
Convert 674d (base 15) to base 4.
11112022
200 (base 9) to base 4
2202
Convert -2192 (base 10) to base 13.
-cc8
52533 (base 8) to base 4
11111123
What is 1318 (base 15) in base 8?
7751
Convert 1012 (base 3) to base 13.
26
-658 (base 10) to base 3
-220101
6106 (base 10) to base 3
22101011
-74643 (base 8) to base 12
-1602b
What is 1446a (base 13) in base 9?
57247
Convert -58745 (base 10) to base 5.
-3334440
What is -15425 (base 6) in base 2?
-100111101001
What is -197a (base 15) in base 4?
-1112023
Convert 13121211 (base 4) to base 15.
8ea9
What is 12b (base 14) in base 3?
22201
What is 381 (base 10) in base 13?
234
Convert -2114 (base 10) to base 7.
-6110
What is 423231 (base 5) in base 4?
3131233
Convert 212002 (base 4) to base 3.
10100011
1235 (base 7) to base 16
1d3
122022 (base 3) to base 8
723
-150 (base 15) to base 12
-210
What is -2 (base 15) in base 9?
-2
4de (base 16) to base 13
74b
Convert -4224 (base 7) to base 5.
-21423
20213 (base 9) to base 5
411141
-75125 (base 9) to base 8
-141014
1554 (base 6) to base 3
120221
What is -110102201 (base 3) in base 11?
-68a0
1011202221 (base 3) to base 2
101101001111100
What is -462 (base 10) in base 11?
-390
49a (base 14) to base 12
648
What is 253 (base 12) in base 2?
101011111
-774 (base 8) to base 10
-508
Convert -1065 (base 7) to base 6.
-1450
-21020 (base 5) to base 6
-10225
559a (base 11) to base 4
1303021
What is 6a08 (base 13) in base 3?
202102010
What is 202011 (base 3) in base 6?
2304
What is -3fe (base 16) in base 12?
-712
What is 29b03 (base 13) in base 15?
18507
344523 (base 6) to base 16
7383
Convert 7814 (base 10) to base 14.
2bc2
Convert 116110 (base 8) to base 5.
2240013
What is -1131 (base 5) in base 6?
-434
What is -424 (base 8) in base 12?
-1b0
14269 (base 10) to base 9
21514
Convert -fddb (base 16) to base 10.
-64987
Convert 170 (base 12) to base 14.
124
Convert 235054 (base 7) to base 14.
1172b
What is -2017 (base 9) in base 7?
-4204
111 (base 11) to base 3
11221
What is 23101 (base 4) in base 7?
2050
-1231213 (base 4) to base 5
-211030
Convert -27b (base 13) to base 15.
-1e5
628 (base 10) to base 16
274
Convert 35011 (base 8) to base 16.
3a09
25687 (base 9) to base 7
101350
What is -341 (base 12) in base 8?
-741
-101202200 (base 3) to base 11
-5995
Convert 2102020020 (base 3) to base 12.
23629
What is -110003 (base 4) in base 16?
-503
-579a (base 11) to base 5
-220421
7b0 (base 12) to base 13
699
What is 1234 (base 7) in base 10?
466
-167 (base 12) to base 3
-22021
-211 (base 6) to base 12
-67
Convert 1117c (base 16) to base 7.
411055
What is -5423 (base 10) in base 16?
-152f
What is -20410 (base 6) in base 14?
-ddc
-205 (base 8) to base 15
-8d
10010000110101 (base 2) to base 7
36011
Convert -2212 (base 15) to base 4.
-1300301
-20779 (base 10) to base 12
-10037
Convert 214243 (base 5) to base 8.
16430
Convert 3231113 (base 4) to base 7.
62201
Convert 232201 (base 4) to base 13.
1480
Convert -3b3a (base 12) to base 4.
-1222132
What is 6852 (base 16) in base 13?
c204
Convert -30100 (base 4) to base 16.
-310
-211320 (base 4) to base 15
-ab9
-20222 (base 5) to base 7
-3553
What is 2b0 (base 15) in base 4?
21213
Convert 1c6 (base 15) to base 3.
120020
Convert 111 (base 16) to base 12.
1a9
What is 34004 (base 6) in base 3?
20112011
What is 396 (base 16) in base 14?
498
Convert -210012 (base 3) to base 15.
-282
Convert 110211 (base 3) to base 4.
11122
What is 102505 (base 6) in base 3?
102111212
What is -43042 (base 5) in base 12?
-1815
Convert -34b (base 12) to base 15.
-22b
What is -10133 (base 4) in base 5?
-2122
Convert 383 (base 12) to base 7.
1356
-1110 (base 8) to base 6
-2412
Convert 14253 (base 7) to base 16.
f45
What is -472 (base 12) in base 4?
-22112
Convert 452 (base 6) to base 3.
20112
What is -21402 (base 9) in base 4?
-3131201
83 (base 9) to base 3
2210
What is -1211112 (base 4) in base 16?
-1956
Convert 1001001111111 (base 2) to base 4.
1021333
What is -1642 (base 9) in base 10?
-1253
Convert -100100 (base 3) to base 8.
-374
-6757 (base 16) to base 8
-63527
-31221121 (base 4) to base 2
-1101101001011001
-1224334 (base 5) to base 14
-8903
Convert 17c82 (base 13) to base 7.
251220
Convert -63a (base 13) to base 9.
-1411
2046 (base 10) to base 6
13250
7a31 (base 12) to base 13
6241
76 (base 11) to base 5
313
24ef (base 16) to base 2
10010011101111
What is -704e (base 15) in base 14?
-88cb
Convert -65 (base 16) to base 6.
-245
Convert -4468 (base 11) to base 3.
-22001212
What is 6706 (base 9) in base 3?
20210020
What is -23d (base 16) in base 8?
-1075
Convert -2311 (base 4) to base 2.
-10110101
What is 10101111 (base 2) in base 5?
1200
de (base 16) to base 13
141
-1032211 (base 4) to base 7
-20443
-470 (base 13) to base 11
-638
Convert -212101101 (base 3) to base 6.
-210531
Convert 77 (base 8) to base 12.
53
What is 11110222 (base 3) in base 11?
24aa
-6050 (base 12) to base 16
-28bc
Convert 195 (base 15) to base 11.
302
What is 4119 (base 14) in base 10?
11195
21413 (base 6) to base 5
43321
145502 (base 8) to base 14
14d6a
What is 11c (base 13) in base 2?
11000010
Convert -a441 (base 12) to base 13.
-81c4
What is 17592 (base 10) in base 3?
220010120
1094 (base 12) to base 5
24330
What is 342213 (base 5) in base 11?
9176
-131000 (base 4) to base 6
-12332
-4526 (base 10) to base 4
-1012232
-60 (base 11) to base 2
-1000010
-400542 (base 7) to base 11
-46797
What is b84 (base 15) in base 10?
2599
What is 101101 (base 4) in base 16?
451
What is 101111001011111 (base 2) in base 7?
130302
Convert 511103 (base 6) to base 2.
1001110111101111
-11823 (base 10) to base 8
-27057
Convert -12372 (base 8) to base 13.
-25a1
What is -20310 (base 5) in base 7?
-3610
514 (base 12) to base 15
341
What is -121010 (base 3) in base 15?
-1e0
9092 (base 10) to base 12
5318
2a52b (